332*h + 332*h + h**3 - 16*h**2 - 71. Give y(16).
-22
Let q be ((-1)/2)/(-1) + 10/4. Suppose 18 = -2*m + z - 0*z, 0 = -q*m + 5*z - 34. Let p(h) = 2*h + 12. What is p(m)?
-4
Let n(r) = -6*r. Suppose -5*j - 1 = -2*h + 18, -5*j = 2*h + 11. Determine n(h).
-12
Suppose 0 = -0*b - 3*b + 6, 3*z - 11 = 5*b. Suppose -2*d + 20 = -z*d. Let c(y) = -8*y + y + 3*y**2 + y**3 - y + y - 5. What is c(d)?
7
Let q = 0 - -3. Let u(m) = -4*m - 4. Let p(x) = -7*x - 6. Let s(z) = -3*p(z) + 5*u(z). Give s(q).
1
Let m(w) = -2*w**3 + w**2 + 3*w - 1. Let x = -357 + 359. Calculate m(x).
-7
Let n(u) = -4*u**2 - 18*u - 6. Let c be n(-4). Let h(s) = 3 + 2*s**3 - 2 - 163*s**2 + 161*s**c. What is h(-1)?
-3
Suppose -2*p + n = -24, 2*p = n + 3*n + 18. Suppose -4*a - p + 17 = 0. Let b(q) = q. Let g(z) = -2*z**2 + 5*z + 1. Let m(s) = a*g(s) - 6*b(s). Determine m(1).
-2
Let u(h) = h**3 - 3*h**2 - 14*h + 37. Let f be u(4). Let z(g) = 2*g**2 + g + 1. Give z(f).
16
Let w(t) = t**3 + 6*t**2 + 4*t - 4. Suppose 5*d - 25 = 0, -11*d - 50 = 5*l - 16*d. Give w(l).
1
Let v = -106 + 109. Let w(c) = c**3 - c**2 - c + 1. Determine w(v).
16
Let u be ((-6)/(-5))/((-47)/235). Let c(q) = 2*q. Give c(u).
-12
Let x(k) = 17*k + 16*k - 4 + 2 + k**2 - 37*k + 0. Suppose 4*m - 16 = 3*z, m - 20 = -4*m - 5*z. What is x(m)?
-2
Let n(h) = -31*h - 1. Let r(b) = -b. Let t(o) = n(o) - 8*r(o). Calculate t(1).
-24
Let p(u) = 3*u**2 + 48*u + 4. Let s be p(-16). Let h(t) = -t**3 - 5*t**3 + t**3 + 8*t**2 + 1 + s*t**3 - 9*t. Calculate h(7).
-13
Let l(k) be the second derivative of -k**5/20 - 7*k**4/12 - 4*k**3/3 - 4*k**2 - 8*k. Give l(-7).
48
Let a(l) be the third derivative of -l**9/60480 - l**7/5040 - 7*l**6/720 - 43*l**5/60 + 18*l**2. Let s(x) be the third derivative of a(x). What is s(0)?
-7
Let a(m) = 5*m + 37. Let f(h) = 19*h + 138. Let z(y) = 15*a(y) - 4*f(y). Let p = 4 - 4. What is z(p)?
3
Let t(h) = -5*h**2 - h + 1. Suppose -40 + 43 = -i. What is t(i)?
-41
Let i(n) = -19*n**2 - 7 + 18*n**2 + 13*n - 5*n. Let p = 12 + -6. Calculate i(p).
5
Suppose 0 = 4*r - 66 + 6. Let v be (-35)/4 + 2/(-8). Let n = v + r. Let x(u) = u + 4. Calculate x(n).
10
Let r(l) = 2*l + 2 + 3*l**2 - 4*l**2 + 0*l**2. Let u be 76/(-7) - 1/7. Let g = u - -15. Calculate r(g).
-6
Let p(y) = 2*y + 4. Let u = 0 - -4. Suppose 78 = 3*g + u*j, 4*g - 3*j - 73 = 2*j. Suppose 2*d + 5 = -o + 3*d, 2*d - g = 4*o. Calculate p(o).
-8
Let b(a) be the first derivative of -6 + 1/30*a**5 + 2/3*a**3 + 1/12*a**4 + 0*a - 1/360*a**6 + 0*a**2. Let g(x) be the third derivative of b(x). Give g(5).
-3
Let u(y) = -2 + 0*y + 0*y + y - 2*y + 4*y**2. Let o be 4*9/18 - (-4 + 8). Calculate u(o).
16
Let w(k) = 3*k - 2. Let a = 5 - -3. Let q = a - 6. Suppose 0 = -q*f - 4 - 2. Calculate w(f).
-11
Let u = 19 + -15. Let l(z) = 4*z**3 + 0*z**2 + u*z + z**2 - 5*z**3 - 2 - 1. What is l(2)?
1
Let b(j) be the third derivative of j**4/4 - j**3/3 + 7*j**2. Let r(d) = -d**2 - 6*d - 2. Let m be r(-3). Let h be m/(-14)*-2*2. What is b(h)?
10
Let p(a) = -2*a - 4*a - 6 + 3*a - 1 + 4*a. Determine p(7).
0
Let a(t) be the third derivative of t**5/60 - 3*t**4/8 + t**3/2 - t**2. Let o(z) = -z**3 - 18*z**2 + 69*z - 9. Let r be o(3). What is a(r)?
3
Let c(b) = -2*b + 10. Let a(m) = -m + 1. Let d(w) = 6*a(w) - c(w). What is d(-5)?
16
Let c = 6 + -9. Suppose 0 = -9*b + 5*b + 12. Let y(p) = b*p**2 - 5*p - 4*p**2 - 2*p + 5*p - 1. Determine y(c).
-4
Let g(d) = -4*d - 2. Suppose 5*h + 17 + 13 = 5*m, m - 2*h - 8 = 0. Suppose 4*f - 2*f - 2*b = -4, -5*f = -m*b + 5. Give g(f).
-14
Let u(m) = -2*m**3 - 2 + 3 + 0 + 1 + m**3 - 7*m + 6*m**2. Suppose 2*g + 1 = 11. Give u(g).
-8
Let v(o) = -o. Suppose -18*a + 9*a + 126 = 0. Suppose -4 + a = -5*m. Give v(m).
2
Suppose 9 = 4*p + 1. Let f(u) be the second derivative of -1/4*u**4 + 0 + 1/20*u**5 + u + 1/3*u**3 + 1/2*u**2. Give f(p).
1
Let t(x) = -x**2 + 2*x + 2. Suppose 3 = -2*a + a. Let q be 14/21 - (-20)/a. Let s = q - -4. Calculate t(s).
-6
Let c(v) = v + 2. Let w = -187 + 181. Calculate c(w).
-4
Let m(p) = -p**3 - 7*p**2 - p - 2. Let n(o) be the first derivative of -o**2/2 + 7*o + 18. Let h be n(14). Give m(h).
5
Let y be -3 - ((2 - 5) + 0). Suppose 6*s - s = y. Suppose -3*n + x + 5 + 2 = s, -3*n = 2*x - 4. Let j(o) = -o**3 + 2*o**2 - 4*o + 2. Give j(n).
-6
Let d(z) = -4*z - 1. Suppose a - 5*g - 5 = -a, 5*g + 5 = -5*a. Suppose 18 = -a*q - q + 5*f, -5*q - 4*f = 3. Calculate d(q).
11
Let m(f) = 2*f**2 - 16*f - 5. Let b = 11 - 3. Let i be m(b). Let g be 2/(-5)*-1*i. Let d(u) = -u**2 + 2*u + 1. Determine d(g).
-7
Let g(a) = -a - 1. Let z be g(1). Let x be 1*(-1 - (z + 0)). Let u = 3 + x. Let f(l) = 2*l**2 - 7*l + 4. Calculate f(u).
8
Let v(b) be the first derivative of -b**3/3 - 11*b**2/2 - 4*b + 113. Calculate v(-6).
26
Let z(i) = -6*i**2 + 5*i**2 + 2*i**2 - 526*i + 3 + 529*i. Determine z(-5).
13
Suppose z + 5*k + 12 = 0, -z - 3*k + 6*k = -20. Let h(f) = -f**3 + 9*f**2 - 7*f + 4. Determine h(z).
12
Let s = -30 - -42. Suppose -4*d = -0*d - s. Let f(m) = m**2 - m - 4. Calculate f(d).
2
Let x(h) = -2*h**2 + 3*h + 8. Let u(b) = b**2 - 4*b - 7. Let d(l) = l + 6. Let t be d(-4). Let f = 23 + -20. Let c(i) = f*u(i) + t*x(i). Determine c(-5).
0
Let q(z) = -7*z - 13. Let o(v) = -v + 3. Let y(p) = 3*p - 7. Let h(f) = 5*o(f) + 2*y(f). Let j(t) = -6*h(t) - q(t). Let n = -273 + 268. Give j(n).
2
Let z = 28 - 35. Let q = 14 + z. Let l(o) = 2 - 14*o + q*o - o**2 + o**3 + 8*o + 4. Calculate l(0).
6
Let a(g) = g**2 - g + 5. Let j(r) = -r**3 - 6*r**2 - 2*r - 14. Let c(i) = 2*a(i) + j(i). Calculate c(-3).
-1
Let o(w) be the third derivative of w**7/5040 - w**6/360 + 19*w**5/60 - 12*w**2. Let t(g) be the third derivative of o(g). Determine t(7).
5
Let n(l) = l + 6. Let g = 15 + 152. Let c = g - 175. Calculate n(c).
-2
Let p(r) be the first derivative of 7*r**2/2 + r + 53. Determine p(-1).
-6
Let a(n) = n**3 + 4*n**2 + 3*n + 2. Let z be (8/(-12)*6/(-2))/(-2). Let x be ((-8)/6 - 2/3) + z. What is a(x)?
2
Let a(t) be the first derivative of -t**3/3 - 7*t**2/2 - 42. What is a(-8)?
-8
Let o(n) = -n + 2. Suppose -b + 26 = 2*s + 4*b, 20 = 5*b. Let k be 20 - s - (1 - 2). Suppose 2*l + 3*y + k = -0*y, 0 = -l - 4*y - 19. Give o(l).
5
Let x(p) = -1. Let d(w) = -w + 8. Let y be d(9). Let a(v) = -5*v + 0*v + 16 + 6*v + 0*v. Let n(j) = y*a(j) - 6*x(j). Determine n(0).
-10
Let q(t) = 3*t - 12. Let p(z) = -5 + 2*z - 4 + 3. Let b(v) = 5*p(v) - 3*q(v). What is b(-6)?
0
Let a be (852/20)/(-3) + (-2)/(-10). Let z(t) = t**2 + 14*t + 4. Let w be z(a). Let d(f) = -3*f + 5. Give d(w).
-7
Suppose -3*y = -8*y. Let o(w) = -643*w**2 + y*w + 644*w**2 - w**3 + 4*w + 3. Calculate o(-2).
7
Let q(l) = -l**2 + 2*l + 7. Let r(k) = -k**2 + 4*k + 8. Let t(n) = -6*q(n) + 5*r(n). Give t(-4).
-18
Let u = -67/5 - -403/30. Let m(q) be the third derivative of 4*q**2 + 0 - 1/6*q**3 + 0*q + 1/12*q**4 + u*q**5. Give m(-2).
3
Let j(i) be the first derivative of i**2/2 + 4*i + 3. Let p = 23 + -19. Suppose 5*c = -5*m + 25, -p*m + 2*c - 25 = -3*c. Determine j(m).
4
Suppose 3*a - 2 = -l, 0 = 2*l - 4*l + 4*a + 34. Let z = l + -8. Let f(x) = 2*x - z*x + 9*x - 6 - 6*x. What is f(5)?
4
Let b(u) = 761*u + 2*u**3 + 5*u**2 + 6 - 1 - 757*u - 2. What is b(-3)?
-18
Suppose 0 = -3*c + 2*r + 4, -13 - 2 = 5*c + r. Let t(f) be the third derivative of f**4/6 + f**3/3 - f**2. Give t(c).
-6
Let w(z) = -161*z - 14. Let y(n) = -48*n - 5. Let v(c) = -3*w(c) + 10*y(c). What is v(4)?
4
Suppose -25*u = 23 - 73. Let k(v) be the second derivative of 3*v**5/20 - v**4/6 - v**3/6 - v**2 + v. Calculate k(u).
12
Let t(d) = -2 - 8 + d**2 - 2 + 4*d. Let h be t(-7). Let f(o) = -o**3 + 9*o**2 + 1. Calculate f(h).
1
Let y(t) = 6*t**3 + 2*t - 2. Let u(v) = v**3 + v**2 - 1. Let i(h) = -5*u(h) + y(h). Suppose -3*q + 25 = 5*o, 3*q = 3*o - 2*q - 15. Let s = 9 - o. Give i(s).
-5
Let j(p) = -p**2 + 8*p + 6. Let u be 9 + -9 + 20/(16/4). Give j(u).
21
Let j(r) = 3*r - 3. Let n(v) = v**3 + 18*v**2 + 55*v - 12. Let g be n(-14). Determine j(g).
3
Let i(y) be the first derivative of -y**3/3 - 13*y**2/2 + 48*y - 457. Calculate i(-16).
0
Let w(s) = 27 - 57 + 12*s - s + 28. Give w(2).
20
Suppose -2*c = -6*c - 8. Let y(p) be the first derivative of 5*p**2/2 + 2*p - 250. Calculate y(c).
-8
Let b(l) be the third derivative of l**3 + 39*l**2 + 1/24*l**4 + 0*l + 0. Give b(6).
12
Let p(x)